{"id":461,"date":"2023-09-30T16:01:23","date_gmt":"2023-09-30T19:01:23","guid":{"rendered":"https:\/\/interacaosustentavel.eco.br\/?page_id=461"},"modified":"2023-10-14T18:44:43","modified_gmt":"2023-10-14T21:44:43","slug":"empatia-humanitria","status":"publish","type":"page","link":"https:\/\/interacaosustentavel.eco.br\/index.php\/empatia-humanitria\/","title":{"rendered":"Demonstrar amor ao pr\u00f3ximo \u00e9 ter empatia, ou seja, se colocar no lugar da outra pessoa, entender suas dificuldades e oferecer ajuda. Gandhi"},"content":{"rendered":"<section class=\"wrapperNoticia\">\n<h2><\/h2>\n<h2 style=\"text-align: center;\"><strong>Entenda a import\u00e2ncia do trabalho humanit\u00e1rio pelo mundo e pelo Brasil<\/strong><\/h2>\n<div class=\"blogInterna__sociais\">\n<div class=\"quemSomos__redes\"><img loading=\"lazy\" decoding=\"async\" class=\"bigest-img img-destaque-interna aligncenter\" title=\"Fotografia de Madre Teresa de Calcut\u00e1.\" src=\"https:\/\/static.historiadomundo.com.br\/2021\/08\/fotografia-de-madre-teresa-de-calcuta.jpg\" alt=\"Madre Teresa de Calcut\u00e1 foi uma freira indiana que ficou conhecida por seu trabalho humanit\u00e1rio na \u00cdndia e em outras partes do planeta.[1]\" width=\"486\" height=\"500\" \/><\/div>\n<div class=\"quemSomos__redes\" style=\"text-align: center;\"><em>Madre Teresa de Calcut\u00e1 foi uma freira indiana que ficou conhecida<\/em><\/div>\n<div class=\"quemSomos__redes\" style=\"text-align: center;\"><em> por seu trabalho humanit\u00e1rio na \u00cdndia e em outras partes do planeta.\u00a0<\/em><\/div>\n<\/div>\n<div><\/div>\n<\/section>\n<blockquote>\n<div><\/div>\n<\/blockquote>\n<div><\/div>\n<section class=\"blogInterna__content interna\">\n<div class=\"wrapperNoticia interna__content\">\n<blockquote>\n<article class=\"conteudo__noticia\">\u00a0 \u00a0 \u00a0 \u00a0 \u00a0 Em 2019, a Organiza\u00e7\u00e3o das Na\u00e7\u00f5es Unidas lan\u00e7ou o Panorama Humanit\u00e1rio Global que indicava que em 2020 mais de 168 milh\u00f5es de pessoas, em mais de 50 pa\u00edses, precisariam de ajuda e prote\u00e7\u00e3o humanit\u00e1ria por motivos como desastres clim\u00e1ticos, doen\u00e7as infecciosas e conflitos. Isso significa que <a href=\"https:\/\/news.un.org\/pt\/story\/2019\/12\/1696631#:~:text=Um%20n%C3%BAmero%20recorde%20de%20168,29%20bilh%C3%B5es%20para%20esta%20resposta.\" target=\"_blank\" rel=\"noreferrer noopener\" aria-label=\" (abre numa nova aba)\">uma a cada 45 pessoas que vivem no planeta precisam de ajuda humanit\u00e1ria<\/a>. A previs\u00e3o \u00e9 de aumento constante deste n\u00famero nos pr\u00f3ximos anos, chegando a 200 milh\u00f5es de pessoas em 2022.\u00a0 \u00a0 \u00a0 \u00a0 \u00a0 S\u00e3o diversas crises que afetam os pa\u00edses, incluindo o Brasil, e contribuem para o aumento do n\u00famero de pessoas em situa\u00e7\u00e3o de vulnerabilidade, como a <a href=\"https:\/\/www.oxfam.org.br\/blog\/tres-anos-apos-inicio-da-crise-como-estao-os-refugiados-rohingya\/\" target=\"_blank\" rel=\"noreferrer noopener\" aria-label=\"crise dos refugiados (abre numa nova aba)\">crise dos refugiados<\/a>\u00a0e a crise da fome. O n\u00famero de pessoas em situa\u00e7\u00e3o de extrema pobreza aumentou nos \u00faltimos anos e o n\u00famero de conflitos armados pelo mundo tem reflexos diretos no aumento do n\u00famero de refugiados.<\/p>\n<h3 class=\"wp-block-heading\"><strong>A import\u00e2ncia do trabalho humanit\u00e1rio<\/strong><\/h3>\n<p>A ajuda humanit\u00e1ria \u00e9 uma forma de assist\u00eancia material, moral ou legal prestada para ajudar pessoas que foram impactadas por desastres naturais, guerras, conflitos e at\u00e9 desigualdades sociais. O objetivo do trabalho humanit\u00e1rio \u00e9 <a href=\"http:\/\/]https\/\/www.politize.com.br\/ajuda-humanitaria-solidariedade-ou-industria-da-pobreza\/\">aliviar,\u00a0<\/a><a href=\"http:\/\/]https\/\/www.politize.com.br\/ajuda-humanitaria-solidariedade-ou-industria-da-pobreza\/\" target=\"_blank\" rel=\"noreferrer noopener\" aria-label=\"levar (abre numa nova aba)\">levar\u00a0<\/a><a href=\"http:\/\/]https\/\/www.politize.com.br\/ajuda-humanitaria-solidariedade-ou-industria-da-pobreza\/\">apoio e ajuda para pessoas em estado de vulnerabilidade social<\/a>.<\/p>\n<p>O trabalho humanit\u00e1rio muitas vezes \u00e9 desenvolvido em <strong>regi\u00f5es distantes e inseguras<\/strong>, marcadas por cat\u00e1strofes naturais ou conflitos armados. O objetivo \u00e9\u00a0<strong>apoiar a popula\u00e7\u00e3o local<\/strong>\u00a0oferecendo\u00a0<strong>assist\u00eancia social<\/strong>, psicol\u00f3gica, servi\u00e7os m\u00e9dicos, acampamentos e outras a\u00e7\u00f5es emergenciais.<\/p>\n<p>Por sua natureza delicada e importante, a ONU designou o dia 19 de agosto como o <a href=\"https:\/\/agenciabrasil.ebc.com.br\/saude\/noticia\/2020-08\/dia-mundial-humanitario-o-auxilio-de-brasileiros-em-dias-de-dor\">Dia Mundial\u00a0<\/a><a href=\"https:\/\/agenciabrasil.ebc.com.br\/saude\/noticia\/2020-08\/dia-mundial-humanitario-o-auxilio-de-brasileiros-em-dias-de-dor\" target=\"_blank\" rel=\"noreferrer noopener\" aria-label=\"Humanit\u00e1rio (abre numa nova aba)\">Humanit\u00e1rio<\/a>, para homenagear todos os trabalhadores que perderam suas vidas na linha de frente das a\u00e7\u00f5es humanit\u00e1rias. Foi escolhido o dia 19 em homenagem a S\u00e9rgio Vieira de Mello, diplomata brasileiro representante especial da ONU, que morreu em um atentado a bomba em Bagd\u00e1, no Iraque, em 2003.<\/p>\n<h3 class=\"wp-block-heading\"><strong>A vulnerabilidade social do Brasil<\/strong><\/h3>\n<p>At\u00e9 o final de 2020 estima-se que sejam mais de <a href=\"https:\/\/www.oxfam.org.br\/noticias\/mais-pessoas-morrerao-de-fome-no-mundo-do-que-de-covid-19-em-2020\/\">12 mil mortes di\u00e1rias por fome no mundo<\/a>, n\u00famero maior do que as mortes causadas pela pandemia da COVID-19. S\u00e3o 122 milh\u00f5es de pessoas que j\u00e1 viviam em situa\u00e7\u00f5es de pobreza extrema e agora passam pela pandemia sem o apoio devido.<\/p>\n<p>O <a href=\"https:\/\/www.acnur.org\/portugues\/2019\/04\/09\/5-dados-sobre-refugiados-que-voce-precisa-conhecer\/#:~:text=Dos%2068%2C5%20milh%C3%B5es%20de,milh%C3%B5es%20em%20todo%20o%20mundo.\" rel=\"noreferrer noopener\">n\u00famero de refugiados cresceu 50% nos \u00faltimos 10 anos\u00a0<\/a>e mais da metade s\u00e3o crian\u00e7as com menos de 18 anos. S\u00e3o 68,4 milh\u00f5es de pessoas deslocadas \u00e0 for\u00e7a no mundo, que ficaram ainda mais vulner\u00e1veis durante a pandemia.<\/p>\n<p>Os campos de refugiados, com poucos recursos b\u00e1sicos, n\u00e3o t\u00eam estrutura, saneamento e <a href=\"https:\/\/www.oxfam.org.br\/noticias\/agua-e-vida-conheca-nosso-trabalho-para-garantir-agua-potavel-e-saneamento-pelo-mundo\/\" target=\"_blank\" rel=\"noreferrer noopener\" aria-label=\"\u00e1gua pot\u00e1vel (abre numa nova aba)\">\u00e1gua pot\u00e1vel<\/a>\u00a0em quantidade suficiente para garantir higieniza\u00e7\u00e3o e seguran\u00e7a alimentar para todos os abrigados neles.<\/p>\n<p>Em paralelo, a perspectiva \u00e9 de aumento do desemprego em todo o mundo. Segundo proje\u00e7\u00f5es da Organiza\u00e7\u00e3o Internacional do Trabalho (OIT), o desemprego dever\u00e1 aumentar em 2020 <a href=\"https:\/\/agenciabrasil.ebc.com.br\/geral\/noticia\/2020-07\/oit-alerta-para-impactos-da-pandemia-no-mercado-de-trabalho\">de 8% para\u00a0<\/a><a href=\"https:\/\/agenciabrasil.ebc.com.br\/geral\/noticia\/2020-07\/oit-alerta-para-impactos-da-pandemia-no-mercado-de-trabalho\" target=\"_blank\" rel=\"noreferrer noopener\" aria-label=\"13 (abre numa nova aba)\">13<\/a><a href=\"https:\/\/agenciabrasil.ebc.com.br\/geral\/noticia\/2020-07\/oit-alerta-para-impactos-da-pandemia-no-mercado-de-trabalho\">%<\/a>\u00a0em toda Am\u00e9rica Latina e Caribe, por exemplo.<\/p>\n<h3 class=\"wp-block-heading\"><strong>A pobreza, o desemprego e a fome no Brasil<\/strong><\/h3>\n<p>No Brasil, o n\u00famero de <a href=\"https:\/\/www.brasildefato.com.br\/2020\/07\/10\/os-efeitos-sociais-da-pandemia-no-trabalho-e-na-rendados-mais-pobres\">desempregados entre os jovens<\/a>\u00a0de 18 e 24 anos aumentou durante a pandemia, chegando a uma m\u00e9dia nacional de 27,1% \u2013 a maioria \u00e9 de mulheres negras e pardas.<\/p>\n<p>Os sal\u00e1rios diminu\u00edram e as pessoas passaram a receber cerca de 82% dos rendimentos habituais mensais. Os trabalhadores aut\u00f4nomos chegam a receber apenas 60% do habitual. A <a href=\"https:\/\/www.ipea.gov.br\/cartadeconjuntura\/index.php\/2020\/07\/os-efeitos-da-pandemia-sobre-os-rendimentos-do-trabalho-e-o-impacto-do-auxilio-emergencial-o-que-dizem-os-microdados-da-pnad-covid-19\/\">popula\u00e7\u00e3o brasileira empobreceu<\/a>, perdeu empregos e est\u00e1 diante de um cen\u00e1rio de fome.<\/p>\n<p>O Programa Mundial de Alimentos da ONU j\u00e1 apontava em maio deste ano a preocupa\u00e7\u00e3o com o <a href=\"https:\/\/exame.com\/brasil\/brasil-esta-voltando-ao-mapa-da-fome-diz-diretor-da-onu\/#:~:text=Economista%20estima%20que%20quase%2014,at%C3%A9%20o%20fim%20de%202020&amp;text=Com%20a%20pandemia%20de%20coronav%C3%ADrus,voltar%20ao%20Mapa%20da%20Fome.&amp;text=O%20total%20chegaria%20a%20quase,segundo%20estudos%20do%20Banco%20Mundial.\">retorno do Brasil para o Mapa da Fome<\/a>. Segundo o economista chefe do Programa, o Brasil teria 5,4 milh\u00f5es de pessoas em situa\u00e7\u00e3o de extrema pobreza, podendo chegar a 14,7 milh\u00f5es ainda este ano. S\u00e3o milhares de pessoas em\u00a0<a href=\"https:\/\/www.agencia.cnptia.embrapa.br\/gestor\/tecnologia_de_alimentos\/arvore\/CONT000fi7nk4h802wyiv80mr28rzsom2nj4.htm\">situa\u00e7\u00e3o de inseguran\u00e7a alimentar<\/a>, sem garantias de acesso regular e permanente a alimentos de qualidade, em quantidades suficientes.<\/p>\n<p>Em 2020, mais de 3,5 milh\u00f5es de fam\u00edlias brasileiras tiveram que acessar o <a href=\"https:\/\/www.ipea.gov.br\/cartadeconjuntura\/index.php\/2020\/07\/os-efeitos-da-pandemia-sobre-os-rendimentos-do-trabalho-e-o-impacto-do-auxilio-emergencial-o-que-dizem-os-microdados-da-pnad-covid-19\/\">aux\u00edlio emergencial<\/a>\u00a0disponibilizado pelo governo federal para sobreviver durante a pandemia de coronav\u00edrus.<\/p>\n<p>Agora, com o programado fim aux\u00edlio emergencial a partir de janeiro de 2021, milhares de fam\u00edlias est\u00e3o amea\u00e7adas de ficarem sem renda alguma, \u00e0 beira da fome e pobreza extrema.<\/p>\n<h3 class=\"wp-block-heading\"><strong>A Oxfam diante da crise<\/strong><\/h3>\n<p>A Oxfam \u00e9 uma das organiza\u00e7\u00f5es internacionais humanit\u00e1rias mais reconhecidas no mundo, atuando em emerg\u00eancias e redu\u00e7\u00e3o de risco de desastres futuros. Nossa a\u00e7\u00e3o \u00e9 focada nas pessoas afetadas por desastres naturais e conflitos levando o apoio necess\u00e1rio como acesso \u00e0 \u00e1gua pot\u00e1vel, saneamento b\u00e1sico, alimento e prote\u00e7\u00e3o.<\/p>\n<p>A Oxfam Brasil faz parte da Confedera\u00e7\u00e3o Oxfam, uma rede global que tem 20 membros e atua\u00e7\u00e3o em cerca de 90 pa\u00edses pelo mundo.<\/p>\n<p><a href=\"https:\/\/www.oxfam.org.br\/ajuda-humanitaria\/\" target=\"_blank\" rel=\"noreferrer noopener\" aria-label=\" (abre numa nova aba)\">Nosso trabalho humanit\u00e1rio<\/a>\u00a0consiste em atuar rapidamente quando desastres acontecem. E ap\u00f3s o fim da crise, nossas a\u00e7\u00f5es continuam por meio de formuladores de pol\u00edticas para a promo\u00e7\u00e3o das mudan\u00e7as necess\u00e1rias para melhorar a vida das pessoas afetadas.<\/p>\n<p>No Brasil, iniciamos em 2020 uma <a href=\"https:\/\/www.oxfam.org.br\/ajuda-humanitaria\/emergencia-covid-19\/\" target=\"_blank\" rel=\"noreferrer noopener\" aria-label=\" (abre numa nova aba)\">a\u00e7\u00e3o humanit\u00e1ria emergencial<\/a>\u00a0para ajudar fam\u00edlias em situa\u00e7\u00e3o de vulnerabilidade em periferias de quatro capitais brasileiras: Recife, S\u00e3o Paulo, Rio de Janeiro e Distrito Federal.<\/p>\n<p>Estamos \u00e0 beira da pior crise sanit\u00e1ria e socioecon\u00f4mica das \u00faltimas d\u00e9cadas no Brasil. Para algumas pessoas, lavar as m\u00e3os e ficar em casa \u00e9 suficiente para se proteger. Para a maioria dos brasileiros, n\u00e3o.<\/p>\n<p>Enquanto o surto de Covid-19 \u00e9 uma amea\u00e7a \u00e0 vida de todos, s\u00e3o os mais pobres e em situa\u00e7\u00e3o de maior vulnerabilidade que enfrentam os maiores riscos e sofrer\u00e3o as piores consequ\u00eancias.<\/p>\n<p>Com seu apoio, podemos alcan\u00e7ar mais e mais pessoas!<\/p>\n<p>A situa\u00e7\u00e3o gerada pela pandemia \u00e9 urgente e tende a se agravar para milhares de fam\u00edlias conforme a crise econ\u00f4mica provocada pela pandemia de coronav\u00edrus se aprofunda.<\/p>\n<p>Nosso objetivo \u00e9 oferecer ajuda durante quatro meses, para permitir que essas fam\u00edlias possam se manter e, ao mesmo tempo, impedir que elas sejam empurradas para a mis\u00e9ria e a fome.<\/p>\n<p><a href=\"https:\/\/www.oxfam.org.br\/ajuda-humanitaria\/emergencia-covid-19\/\" target=\"_blank\" rel=\"noreferrer noopener\" aria-label=\" (abre numa nova aba)\">Conhe\u00e7a nosso trabalho humanit\u00e1rio<\/a>\u00a0e saiba como ajudar!<\/p>\n<\/article>\n<\/blockquote>\n<\/div>\n<\/section>\n<section class=\"wrapperNoticia blogInterna__top\"><span class=\"blogInterna__categoria\">Categoria:<\/span>Humanit\u00e1rio<\/section>\n","protected":false},"excerpt":{"rendered":"<p>Entenda a import\u00e2ncia do trabalho humanit\u00e1rio pelo mundo e pelo Brasil Madre Teresa de Calcut\u00e1 foi uma freira indiana que ficou conhecida por seu trabalho [&hellip;]<\/p>\n","protected":false},"author":1,"featured_media":447,"parent":0,"menu_order":0,"comment_status":"closed","ping_status":"closed","template":"","meta":{"_bbp_topic_count":0,"_bbp_reply_count":0,"_bbp_total_topic_count":0,"_bbp_total_reply_count":0,"_bbp_voice_count":0,"_bbp_anonymous_reply_count":0,"_bbp_topic_count_hidden":0,"_bbp_reply_count_hidden":0,"_bbp_forum_subforum_count":0,"_crdt_document":"","_monsterinsights_skip_tracking":false,"_monsterinsights_sitenote_active":false,"_monsterinsights_sitenote_note":"","_monsterinsights_sitenote_category":0,"footnotes":""},"class_list":["post-461","page","type-page","status-publish","has-post-thumbnail","hentry"],"yoast_head":"<!-- This site is optimized with the Yoast SEO plugin v26.8 - https:\/\/yoast.com\/product\/yoast-seo-wordpress\/ -->\n<title>Demonstrar amor ao pr\u00f3ximo \u00e9 ter empatia, ou seja, se colocar no lugar da outra pessoa, entender suas dificuldades e oferecer ajuda. Gandhi - Inter@\u00e7\u00e3o Sustent@vel<\/title>\n<meta name=\"robots\" content=\"index, follow, max-snippet:-1, max-image-preview:large, max-video-preview:-1\" \/>\n<link rel=\"canonical\" href=\"https:\/\/interacaosustentavel.eco.br\/index.php\/empatia-humanitria\/\" class=\"yoast-seo-meta-tag\" \/>\n<meta property=\"og:locale\" content=\"en_US\" class=\"yoast-seo-meta-tag\" \/>\n<meta property=\"og:type\" content=\"article\" class=\"yoast-seo-meta-tag\" \/>\n<meta property=\"og:title\" content=\"Demonstrar amor ao pr\u00f3ximo \u00e9 ter empatia, ou seja, se colocar no lugar da outra pessoa, entender suas dificuldades e oferecer ajuda. Gandhi - Inter@\u00e7\u00e3o Sustent@vel\" class=\"yoast-seo-meta-tag\" \/>\n<meta property=\"og:description\" content=\"Entenda a import\u00e2ncia do trabalho humanit\u00e1rio pelo mundo e pelo Brasil Madre Teresa de Calcut\u00e1 foi uma freira indiana que ficou conhecida por seu trabalho [&hellip;]\" class=\"yoast-seo-meta-tag\" \/>\n<meta property=\"og:url\" content=\"https:\/\/interacaosustentavel.eco.br\/index.php\/empatia-humanitria\/\" class=\"yoast-seo-meta-tag\" \/>\n<meta property=\"og:site_name\" content=\"Inter@\u00e7\u00e3o Sustent@vel\" class=\"yoast-seo-meta-tag\" \/>\n<meta property=\"article:modified_time\" content=\"2023-10-14T21:44:43+00:00\" class=\"yoast-seo-meta-tag\" \/>\n<meta property=\"og:image\" content=\"https:\/\/interacaosustentavel.eco.br\/wp-content\/uploads\/2023\/09\/GANDHI-0-jpg.webp\" class=\"yoast-seo-meta-tag\" \/>\n\t<meta property=\"og:image:width\" content=\"998\" class=\"yoast-seo-meta-tag\" \/>\n\t<meta property=\"og:image:height\" content=\"593\" class=\"yoast-seo-meta-tag\" \/>\n\t<meta property=\"og:image:type\" content=\"image\/jpeg\" class=\"yoast-seo-meta-tag\" \/>\n<meta name=\"twitter:card\" content=\"summary_large_image\" class=\"yoast-seo-meta-tag\" \/>\n<meta name=\"twitter:label1\" content=\"Est. reading time\" class=\"yoast-seo-meta-tag\" \/>\n\t<meta name=\"twitter:data1\" content=\"5 minutes\" class=\"yoast-seo-meta-tag\" \/>\n<script type=\"application\/ld+json\" class=\"yoast-schema-graph\">{\"@context\":\"https:\/\/schema.org\",\"@graph\":[{\"@type\":\"WebPage\",\"@id\":\"https:\/\/interacaosustentavel.eco.br\/index.php\/empatia-humanitria\/\",\"url\":\"https:\/\/interacaosustentavel.eco.br\/index.php\/empatia-humanitria\/\",\"name\":\"Demonstrar amor ao pr\u00f3ximo \u00e9 ter empatia, ou seja, se colocar no lugar da outra pessoa, entender suas dificuldades e oferecer ajuda. Gandhi - Inter@\u00e7\u00e3o Sustent@vel\",\"isPartOf\":{\"@id\":\"https:\/\/interacaosustentavel.eco.br\/#website\"},\"primaryImageOfPage\":{\"@id\":\"https:\/\/interacaosustentavel.eco.br\/index.php\/empatia-humanitria\/#primaryimage\"},\"image\":{\"@id\":\"https:\/\/interacaosustentavel.eco.br\/index.php\/empatia-humanitria\/#primaryimage\"},\"thumbnailUrl\":\"https:\/\/interacaosustentavel.eco.br\/wp-content\/uploads\/2023\/09\/GANDHI-0-jpg.webp\",\"datePublished\":\"2023-09-30T19:01:23+00:00\",\"dateModified\":\"2023-10-14T21:44:43+00:00\",\"breadcrumb\":{\"@id\":\"https:\/\/interacaosustentavel.eco.br\/index.php\/empatia-humanitria\/#breadcrumb\"},\"inLanguage\":\"en-US\",\"potentialAction\":[{\"@type\":\"ReadAction\",\"target\":[\"https:\/\/interacaosustentavel.eco.br\/index.php\/empatia-humanitria\/\"]}]},{\"@type\":\"ImageObject\",\"inLanguage\":\"en-US\",\"@id\":\"https:\/\/interacaosustentavel.eco.br\/index.php\/empatia-humanitria\/#primaryimage\",\"url\":\"https:\/\/interacaosustentavel.eco.br\/wp-content\/uploads\/2023\/09\/GANDHI-0-jpg.webp\",\"contentUrl\":\"https:\/\/interacaosustentavel.eco.br\/wp-content\/uploads\/2023\/09\/GANDHI-0-jpg.webp\",\"width\":998,\"height\":593},{\"@type\":\"BreadcrumbList\",\"@id\":\"https:\/\/interacaosustentavel.eco.br\/index.php\/empatia-humanitria\/#breadcrumb\",\"itemListElement\":[{\"@type\":\"ListItem\",\"position\":1,\"name\":\"In\u00edcio\",\"item\":\"https:\/\/interacaosustentavel.eco.br\/\"},{\"@type\":\"ListItem\",\"position\":2,\"name\":\"Demonstrar amor ao pr\u00f3ximo \u00e9 ter empatia, ou seja, se colocar no lugar da outra pessoa, entender suas dificuldades e oferecer ajuda. Gandhi\"}]},{\"@type\":\"WebSite\",\"@id\":\"https:\/\/interacaosustentavel.eco.br\/#website\",\"url\":\"https:\/\/interacaosustentavel.eco.br\/\",\"name\":\"INTERA\u00c7\u00c3O VIRTU@L SUSTENT@VEL\",\"description\":\"*Jornalista respons\u00e1vel: Marcelo Henrique de Lima \u2013 MTB: n\u00ba 46.253.903\/02\/90\",\"publisher\":{\"@id\":\"https:\/\/interacaosustentavel.eco.br\/#\/schema\/person\/f7a4cc97de177390c463972fe1e0c3f2\"},\"potentialAction\":[{\"@type\":\"SearchAction\",\"target\":{\"@type\":\"EntryPoint\",\"urlTemplate\":\"https:\/\/interacaosustentavel.eco.br\/?s={search_term_string}\"},\"query-input\":{\"@type\":\"PropertyValueSpecification\",\"valueRequired\":true,\"valueName\":\"search_term_string\"}}],\"inLanguage\":\"en-US\"},{\"@type\":[\"Person\",\"Organization\"],\"@id\":\"https:\/\/interacaosustentavel.eco.br\/#\/schema\/person\/f7a4cc97de177390c463972fe1e0c3f2\",\"name\":\"Marcelo Henrique de Lima\",\"image\":{\"@type\":\"ImageObject\",\"inLanguage\":\"en-US\",\"@id\":\"https:\/\/interacaosustentavel.eco.br\/#\/schema\/person\/image\/\",\"url\":\"https:\/\/interacaosustentavel.eco.br\/wp-content\/uploads\/2025\/09\/cropped-NOVO-LOGO.jpeg\",\"contentUrl\":\"https:\/\/interacaosustentavel.eco.br\/wp-content\/uploads\/2025\/09\/cropped-NOVO-LOGO.jpeg\",\"width\":929,\"height\":927,\"caption\":\"Marcelo Henrique de Lima\"},\"logo\":{\"@id\":\"https:\/\/interacaosustentavel.eco.br\/#\/schema\/person\/image\/\"},\"sameAs\":[\"https:\/\/interacaosustentavel.eco.br\"]}]}<\/script>\n<!-- \/ Yoast SEO plugin. -->","yoast_head_json":{"title":"Demonstrar amor ao pr\u00f3ximo \u00e9 ter empatia, ou seja, se colocar no lugar da outra pessoa, entender suas dificuldades e oferecer ajuda. Gandhi - Inter@\u00e7\u00e3o Sustent@vel","robots":{"index":"index","follow":"follow","max-snippet":"max-snippet:-1","max-image-preview":"max-image-preview:large","max-video-preview":"max-video-preview:-1"},"canonical":"https:\/\/interacaosustentavel.eco.br\/index.php\/empatia-humanitria\/","og_locale":"en_US","og_type":"article","og_title":"Demonstrar amor ao pr\u00f3ximo \u00e9 ter empatia, ou seja, se colocar no lugar da outra pessoa, entender suas dificuldades e oferecer ajuda. Gandhi - Inter@\u00e7\u00e3o Sustent@vel","og_description":"Entenda a import\u00e2ncia do trabalho humanit\u00e1rio pelo mundo e pelo Brasil Madre Teresa de Calcut\u00e1 foi uma freira indiana que ficou conhecida por seu trabalho [&hellip;]","og_url":"https:\/\/interacaosustentavel.eco.br\/index.php\/empatia-humanitria\/","og_site_name":"Inter@\u00e7\u00e3o Sustent@vel","article_modified_time":"2023-10-14T21:44:43+00:00","og_image":[{"width":998,"height":593,"url":"https:\/\/interacaosustentavel.eco.br\/wp-content\/uploads\/2023\/09\/GANDHI-0-jpg.webp","type":"image\/jpeg"}],"twitter_card":"summary_large_image","twitter_misc":{"Est. reading time":"5 minutes"},"schema":{"@context":"https:\/\/schema.org","@graph":[{"@type":"WebPage","@id":"https:\/\/interacaosustentavel.eco.br\/index.php\/empatia-humanitria\/","url":"https:\/\/interacaosustentavel.eco.br\/index.php\/empatia-humanitria\/","name":"Demonstrar amor ao pr\u00f3ximo \u00e9 ter empatia, ou seja, se colocar no lugar da outra pessoa, entender suas dificuldades e oferecer ajuda. Gandhi - Inter@\u00e7\u00e3o Sustent@vel","isPartOf":{"@id":"https:\/\/interacaosustentavel.eco.br\/#website"},"primaryImageOfPage":{"@id":"https:\/\/interacaosustentavel.eco.br\/index.php\/empatia-humanitria\/#primaryimage"},"image":{"@id":"https:\/\/interacaosustentavel.eco.br\/index.php\/empatia-humanitria\/#primaryimage"},"thumbnailUrl":"https:\/\/interacaosustentavel.eco.br\/wp-content\/uploads\/2023\/09\/GANDHI-0-jpg.webp","datePublished":"2023-09-30T19:01:23+00:00","dateModified":"2023-10-14T21:44:43+00:00","breadcrumb":{"@id":"https:\/\/interacaosustentavel.eco.br\/index.php\/empatia-humanitria\/#breadcrumb"},"inLanguage":"en-US","potentialAction":[{"@type":"ReadAction","target":["https:\/\/interacaosustentavel.eco.br\/index.php\/empatia-humanitria\/"]}]},{"@type":"ImageObject","inLanguage":"en-US","@id":"https:\/\/interacaosustentavel.eco.br\/index.php\/empatia-humanitria\/#primaryimage","url":"https:\/\/interacaosustentavel.eco.br\/wp-content\/uploads\/2023\/09\/GANDHI-0-jpg.webp","contentUrl":"https:\/\/interacaosustentavel.eco.br\/wp-content\/uploads\/2023\/09\/GANDHI-0-jpg.webp","width":998,"height":593},{"@type":"BreadcrumbList","@id":"https:\/\/interacaosustentavel.eco.br\/index.php\/empatia-humanitria\/#breadcrumb","itemListElement":[{"@type":"ListItem","position":1,"name":"In\u00edcio","item":"https:\/\/interacaosustentavel.eco.br\/"},{"@type":"ListItem","position":2,"name":"Demonstrar amor ao pr\u00f3ximo \u00e9 ter empatia, ou seja, se colocar no lugar da outra pessoa, entender suas dificuldades e oferecer ajuda. Gandhi"}]},{"@type":"WebSite","@id":"https:\/\/interacaosustentavel.eco.br\/#website","url":"https:\/\/interacaosustentavel.eco.br\/","name":"INTERA\u00c7\u00c3O VIRTU@L SUSTENT@VEL","description":"*Jornalista respons\u00e1vel: Marcelo Henrique de Lima \u2013 MTB: n\u00ba 46.253.903\/02\/90","publisher":{"@id":"https:\/\/interacaosustentavel.eco.br\/#\/schema\/person\/f7a4cc97de177390c463972fe1e0c3f2"},"potentialAction":[{"@type":"SearchAction","target":{"@type":"EntryPoint","urlTemplate":"https:\/\/interacaosustentavel.eco.br\/?s={search_term_string}"},"query-input":{"@type":"PropertyValueSpecification","valueRequired":true,"valueName":"search_term_string"}}],"inLanguage":"en-US"},{"@type":["Person","Organization"],"@id":"https:\/\/interacaosustentavel.eco.br\/#\/schema\/person\/f7a4cc97de177390c463972fe1e0c3f2","name":"Marcelo Henrique de Lima","image":{"@type":"ImageObject","inLanguage":"en-US","@id":"https:\/\/interacaosustentavel.eco.br\/#\/schema\/person\/image\/","url":"https:\/\/interacaosustentavel.eco.br\/wp-content\/uploads\/2025\/09\/cropped-NOVO-LOGO.jpeg","contentUrl":"https:\/\/interacaosustentavel.eco.br\/wp-content\/uploads\/2025\/09\/cropped-NOVO-LOGO.jpeg","width":929,"height":927,"caption":"Marcelo Henrique de Lima"},"logo":{"@id":"https:\/\/interacaosustentavel.eco.br\/#\/schema\/person\/image\/"},"sameAs":["https:\/\/interacaosustentavel.eco.br"]}]}},"_hostinger_reach_plugin_has_subscription_block":false,"_hostinger_reach_plugin_is_elementor":false,"_links":{"self":[{"href":"https:\/\/interacaosustentavel.eco.br\/index.php\/wp-json\/wp\/v2\/pages\/461","targetHints":{"allow":["GET"]}}],"collection":[{"href":"https:\/\/interacaosustentavel.eco.br\/index.php\/wp-json\/wp\/v2\/pages"}],"about":[{"href":"https:\/\/interacaosustentavel.eco.br\/index.php\/wp-json\/wp\/v2\/types\/page"}],"author":[{"embeddable":true,"href":"https:\/\/interacaosustentavel.eco.br\/index.php\/wp-json\/wp\/v2\/users\/1"}],"replies":[{"embeddable":true,"href":"https:\/\/interacaosustentavel.eco.br\/index.php\/wp-json\/wp\/v2\/comments?post=461"}],"version-history":[{"count":12,"href":"https:\/\/interacaosustentavel.eco.br\/index.php\/wp-json\/wp\/v2\/pages\/461\/revisions"}],"predecessor-version":[{"id":647,"href":"https:\/\/interacaosustentavel.eco.br\/index.php\/wp-json\/wp\/v2\/pages\/461\/revisions\/647"}],"wp:featuredmedia":[{"embeddable":true,"href":"https:\/\/interacaosustentavel.eco.br\/index.php\/wp-json\/wp\/v2\/media\/447"}],"wp:attachment":[{"href":"https:\/\/interacaosustentavel.eco.br\/index.php\/wp-json\/wp\/v2\/media?parent=461"}],"curies":[{"name":"wp","href":"https:\/\/api.w.org\/{rel}","templated":true}]}}